ppose 0 = -x + 2*b + 344, 2*x + 0*x - 684 = 5*b. Calculate the remainder when x is divided by 72.
64
Suppose -3*r + r + 2*c + 82 = 0, -245 = -5*r - 3*c. Let d = -420 + 693. What is the remainder when d is divided by r?
43
Calculate the remainder when 156 - (-19 - (-36)/4) is divided by 46.
28
Let n = -1926 - -1948. Suppose -2 - 16 = -3*b. Calculate the remainder when n is divided by (18 + 0)/(9/b).
10
Let h = -14 + 11. Let l be h - (5 + -1 - 3). What is the remainder when (-3 + (-18)/l)*14 is divided by 11?
10
Let m be (1 - 2 - -2) + -2. Let y be 88/(-12)*-3 + m. Let u = 8 + y. What is the remainder when u is divided by 10?
9
Suppose -2*u + 18348 = 2*u. What is the remainder when ((-7)/3 + 2)/((-11)/u) is divided by 35?
34
Suppose 0 = 7*i - 51 - 117. Let m = -34 + 43. Calculate the remainder when i is divided by m.
6
Suppose 17*r = 13*r + 12. Suppose -2 = -r*y - w + 1, 0 = -4*w - 12. Suppose -6*o = -y*o - 64. What is the remainder when 46 is divided by o?
14
Suppose -2*u = 5*h - 164 - 17, -237 = -3*u + 4*h. What is the remainder when u is divided by 14?
13
Let d(l) = -2*l**2 - 19*l - 20. Calculate the remainder when (-22)/(-4)*2 + -1 is divided by d(-8).
2
Let v(h) = -h**3 + 2*h**2 + 13*h - 5. Let i be v(4). Suppose 10*n - i - 155 = 0. What is the remainder when n is divided by 3?
2
Suppose 0 = -k + 4*y + 180, -4*k - 3*y + 0*y = -701. Calculate the remainder when k is divided by 36.
32
Let h(v) be the second derivative of v**5/20 - 7*v**4/12 + v**3 + v**2 - 5*v. Let x be h(6). Calculate the remainder when 4 is divided by -4*4/(-16)*x.
0
Calculate the remainder when 65 is divided by -70*7/210*-6.
9
Let v(j) = 5*j - 4. Let h = 39 - 31. Calculate the remainder when v(h) is divided by 20.
16
Let b be 28/(-3) + 5/15. Suppose 5*w - 305 = -4*v - 80, -220 = -5*w - 3*v. Calculate the remainder when w is divided by (-6)/(36/14)*b.
20
Let j(c) = -2*c**2 + 25*c + 18. What is the remainder when j(10) is divided by 34?
0
Suppose 3*j - j - 68 = -4*w, -3*j + 4*w = -72. Let v = 751 - 558. Calculate the remainder when v is divided by j.
25
Suppose -4335 = -20*k + 1145. What is the remainder when k is divided by 139?
135
Suppose 20*p = 16*p - 8. Let u(l) = 4*l - l - 11*l. What is the remainder when u(p) is divided by 6?
4
Let n = -21 - -24. Suppose 0 = n*y + 5*k - 37, 6 = 3*k - 0*k. Calculate the remainder when 26 is divided by y.
8
Suppose 5*i - 771 = 3*o, -4*i + 620 = -19*o + 15*o. What is the remainder when i is divided by 26?
23
Let n(a) = -2*a + 7. Let v be n(0). Suppose 0 = 3*f - 55 + v. What is the remainder when f is divided by 9?
7
Suppose 0 = -5*r + 1 + 34. Calculate the remainder when 38 is divided by r.
3
Suppose 4*w = 5*o - 14, -o = -5*o - 4*w + 4. Let u = -18 + 33. Calculate the remainder when u is divided by o.
1
Let i(a) = -2*a**3 + 3*a + 3. Let g = 391 + -371. What is the remainder when i(-4) is divided by g?
19
Let g(r) = -42*r - 13. Let j be g(-4). Suppose j = 2*f - 5. What is the remainder when f is divided by 27?
26
Suppose -2*u + 12 = -0*u. Suppose 4*i - 44*q + 47*q - 289 = 0, -5*i = -4*q - 338. Calculate the remainder when i is divided by u.
4
Suppose -4*p + 4 + 4 = 0. Calculate the remainder when 3/p*((-560)/(-21))/2 is divided by 6.
2
Suppose -6 = -2*f, -3*f - 3 + 44 = 4*t. What is the remainder when (-12)/18*(-2676)/t is divided by 45?
43
Let v(u) = -11*u + 129. Suppose -62 = -k + s + 60, 0 = 3*s. Calculate the remainder when k is divided by v(8).
40
Let m(z) be the third derivative of -z**5/60 - 2*z**4/3 - 7*z**3/2 + 9*z**2. Calculate the remainder when m(-12) is divided by 14.
13
Suppose 3*z - 4*w = 190, 2*z + 0*z + w - 134 = 0. Suppose -5*l - 115 = -0*f - 5*f, -3*f + z = -4*l. Calculate the remainder when 43 is divided by f.
17
Suppose 76 + 54 = 5*c. Calculate the remainder when 95 is divided by c.
17
Let m = -5 - -1. Calculate the remainder when (-4 + (-10)/m)*-6 is divided by 2.
1
Suppose -182 = -40*d + 33*d. Suppose 0 = 5*o + 237 - 77. Let z = 68 - o. Calculate the remainder when z is divided by d.
22
Let q(u) = -u**2 - 15*u - 17. Let o(a) = -2*a**2 + 4. Let b be o(-3). Let m be q(b). Calculate the remainder when 21 is divided by (-9)/m - 2*-4.
10
Let c be (-4 - (-17)/5)*-5. Suppose l - c*l = 12. What is the remainder when 9 is divided by 3*l*3/(-27)?
1
Suppose -5*x = -5*h + 6*h - 530, -2*h - 318 = -3*x. Calculate the remainder when x is divided by 43.
20
Suppose 0 = -134*q + 145*q - 1353. What is the remainder when q is divided by 7?
4
Let y be (-300)/175*1/(-2)*7. Suppose 94 = y*k + 64. What is the remainder when 7 is divided by k?
2
Suppose -2*l = -4*y + 838, -3*y = -2*l + 294 - 923. Calculate the remainder when y is divided by 29.
6
What is the remainder when 38 is divided by 1 - 16/40*-15?
3
Let a(q) = 19*q - 63*q + 5 + 24*q + 29*q. What is the remainder when a(7) is divided by 18?
14
Suppose -5*w + 2*s = -7, -5*w - 4*s - 3 = -4. Let l(u) = u**2 + u + 10. Calculate the remainder when l(0) is divided by w.
0
Suppose 3*i - 19 = -c + 33, 0 = c - 4. What is the remainder when 23 is divided by i?
7
Let g = 1120 - 1105. Let x(h) = 3*h**2 + 29*h + 31. Let k(a) = 2*a**2 + 19*a + 21. Let s(i) = 7*k(i) - 5*x(i). What is the remainder when s(-6) is divided by g?
13
Suppose -533 = 56*m - 69*m. What is the remainder when 778 is divided by m?
40
What is the remainder when (5 - (-100)/(-16))*-86*4 is divided by 27?
25
Let p = -100 + 72. Let s = p + 69. Calculate the remainder when 80 is divided by s.
39
Calculate the remainder when 252 is divided by (11862/33)/3 - 134/(-737).
12
Let l = 13 - 3. What is the remainder when 10 is divided by -6*(l/(-2) - -4)?
4
Suppose -o - 2 = -4. Let l(n) = -o*n + 5*n + 4 - n**2 - 7*n. Calculate the remainder when 7 is divided by l(-4).
3
Let i(u) = u**3 + 2*u**2 - 8*u + 4. Let y(t) = -t**3 + 3*t**2 - t + 6. Let q be y(3). Calculate the remainder when i(q) is divided by 7.
4
Let f(n) = 4*n**2 - 4*n + 3. Suppose -76 = -4*y - 4*w, -3*y + 10*w + 57 = 6*w. What is the remainder when f(5) is divided by y?
7
Let k = 557 - 117. Suppose 43*f - 38*f = k. What is the remainder when f is divided by 23?
19
Let x(b) = -2*b + 9. Let r(y) = y - 1. Let v(k) = 3*r(k) + x(k). Let i be v(-8). Let z(f) = 6*f**2 + f. Calculate the remainder when 43 is divided by z(i).
21
Suppose 5*y = -3*b + 13, 11*b + 52 = 15*b - 2*y. What is the remainder when 13 is divided by b?
2
Suppose -15*o + 10*o = -330. Calculate the remainder when o is divided by 24.
18
Suppose -164*d + 149*d = -2235. What is the remainder when d is divided by 49?
2
Let z = -273 + 280. Calculate the remainder when z is divided by 6.
1
Calculate the remainder when 157 is divided by 17*9/(-15)*20/(-6).
21
Suppose 13 = 2*k + 3*h, 9 = 2*k + 4*h - 7. Let a(r) = 7*r. Suppose -2*l - 113 = -123. Calculate the remainder when a(k) is divided by l.
4
Let q = -31 + 35. Suppose -q*h + x + 79 = 0, -3*h + 32 = -5*x - 40. What is the remainder when 74 is divided by h?
17
Let j = -109 - -114. Suppose 0 = -j*z - 4*l + 173, 3 - 92 = -2*z + 5*l. Calculate the remainder when 70 is divided by z.
33
Let o = 153 - 20. Calculate the remainder when o is divided by (-80)/(-160)*(-1 + 35).
14
Let z be (-4)/(-16)*1256/2. Let w = z - 85. Calculate the remainder when w is divided by 25.
22
Suppose 0 = 2*m - m - 3. Suppose -m*x + 15 = -15. Let n(y) = y - 7. Calculate the remainder when 5 is divided by n(x).
2
Suppose -3*v = -35 - 217. Calculate the remainder when 90 is divided by (-6)/(-2) + v/((-12)/(-4)).
28
Let n = -7 + 9. Let v be 16 + (n - -4)/(-3). Let z = v - -18. What is the remainder when z is divided by 11?
10
Let v be (-91)/(-3) + -1 - 8/(-12). Let t = 27 + v. Let i = 19 - 4. Calculate the remainder when t is divided by i.
12
Let t(r) = 15*r - 6. Let n(g) = 22*g - 9. Let i(d) = 5*n(d) - 8*t(d). Let z be i(-2). Suppose -z = -5*a + 207. Calculate the remainder when a is divided by 16.
14
Suppose -444 = -4*i - 0*i. Calculate the remainder when i is divided by 14.
13
Let i(n) = 0*n + n - 1 + 9*n**2 + 0*n**2. Let g = 30 + -31. Calculate the remainder when 26 is divided by i(g).
5
Suppose -16*p + 354 + 830 = 0. What is the remainder when p is divided by 2?
0
Let r = -90 + 56. Let t = 49 + r. Let p = 122 - 80. What is the remainder when p is divided by t?
12
Let x = 66 + -49. What is the rema